 + 4/22 + (-13284)/t. Calculate the greatest common divisor of 55 and d.
55
Let v be 828/(-8)*(-6)/(-9)*(-230)/15. What is the greatest common factor of v and 2?
2
Suppose 3*t + 2*l = 305, -13*t = l - 663 - 628. Calculate the highest common divisor of 341 and t.
11
Let v = 1061 + -897. Calculate the highest common factor of 41 and v.
41
Suppose d + 16 - 48 = 0. Let a(u) = -158*u - 92. Let o be a(4). Let v = -564 - o. What is the greatest common divisor of d and v?
32
Let i be ((-28)/10)/((-5)/50). Let j be (147/i)/((-1)/(-4)). Let n(a) = 2*a - 11. Let x be n(9). What is the highest common factor of x and j?
7
Suppose -4*c = -5*g - 79, 2*g + 82 = 4*c - 0. Let v be ((-50)/(-3))/(2/c). Suppose -574 = -26*z - 41*z - 15*z. What is the greatest common factor of v and z?
7
Let o = 14 - 6. Let g be (15/(-5) - -2) + 8. Let d be 7/(g/(-3)) - -15. What is the highest common divisor of d and o?
4
Let r(h) = 3*h + 56 - 2*h - 8*h - 4*h. Let w be r(4). What is the highest common divisor of 8 and w?
4
Suppose -6*x - 5 = -7*x. Let w(a) = -a**3 + 6*a**2 - 5*a + 11. Let t be w(x). Let o be 45 + t + (1 - -3). What is the greatest common factor of 90 and o?
30
Let i = 7 - 5. Suppose -k - 15 = 2*y - 7, -k + 12 = -i*y. Let a be (-1 - (1 - 6)) + (-52)/(-2). Calculate the greatest common divisor of a and k.
2
Let z(t) be the first derivative of t**2/2 - 3*t + 14. Let u be z(6). Suppose 3*l = 4*x - 2, x = -4*l - 4 + 14. Calculate the highest common factor of x and u.
1
Let f(q) = -q**3 - 18*q**2 - 97*q - 218. Let x be f(-12). Calculate the greatest common divisor of 2911 and x.
41
Suppose 46*u + 3517 = -115*u + 18812. Suppose 2*g - 8 = 30. What is the greatest common factor of g and u?
19
Suppose 3*w - 4*c - 15 = -4, 0 = 3*c - 3. Suppose -w = -q - 0*q. Calculate the greatest common divisor of q and 2.
1
Let q = -8795 - -8947. Calculate the greatest common divisor of q and 4370.
38
Let o(y) = y**2 + 3*y + 1. Let i be o(-4). Suppose 0*g = -i*g + 95. Let u = -60 + 231. What is the highest common divisor of g and u?
19
Let c = -192 - -195. Suppose 5*o = 5*u + 155, -c*o = -0*o + u - 105. Calculate the highest common divisor of o and 51.
17
Suppose 13*q = 266 - 123. What is the greatest common divisor of 6083 and q?
11
Suppose -3*d - 557 = -3*o + 562, -2*o + 4*d = -756. Calculate the highest common factor of o and 16.
16
Suppose -6 = 2*x - 10. Suppose -53 = -3*l - x*q, -3*q = 3*l + l - 70. Suppose -974 = 91*a - 4432. Calculate the highest common divisor of l and a.
19
Suppose 12*c + 12 = 14*c. Suppose -1180 = -4*g + 4*q, c*q - 290 = -g + 2*q. What is the greatest common divisor of 49 and g?
49
Let b(i) = -3*i**3 - 9*i**2 + 47*i + 292. Let p be b(-7). Calculate the highest common divisor of 435 and p.
29
Let c(v) be the second derivative of 53*v**4/6 + v**3/6 + v**2 - 12*v. Let a be c(-1). Let w be 3/3*(a + -2). Calculate the greatest common divisor of 70 and w.
35
Let h = 25 + -1. Suppose -4*a = -66 + 94. Let v be (-16)/((308/(-8))/a + -6). What is the greatest common divisor of v and h?
8
Let z = -128 + 218. Let t = -86 + z. Calculate the highest common factor of 12 and t.
4
Let k = 929 - -1096. What is the greatest common factor of k and 30?
15
Let a(c) be the second derivative of -c**3 + c**2 - c. Let g be a(-2). Suppose -20*z + 309 + 505 = 534. What is the greatest common factor of g and z?
14
Let s(g) = -15*g**2 - 2*g - 2. Let d be s(-1). Let f(p) = -p**2 - 28*p - 183. Let u be f(d). What is the greatest common divisor of u and 6?
6
Let m be 24/9 - (-2)/(-3). Suppose -2*i + 5*u + 146 = 0, 62 = m*i + 2*u - 56. Suppose -4*k = 841 - 869. Calculate the greatest common factor of k and i.
7
Let r = 1531 + -504. Calculate the greatest common factor of r and 237.
79
Let z(p) = -p**3 + 12*p**2 + 21*p + 6. Let h be z(13). Let k(g) = 4*g**2 - 1. Let f be k(1). Let w = 8 + f. What is the greatest common factor of w and h?
11
Let y be (-695)/(-60) + 5/12. Let c = -45 + 75. Calculate the highest common divisor of y and c.
6
Suppose -5*z - 2*w + 60 = 0, w + 24 = 2*z - 4*w. Let j(c) = -63*c. Let p be j(-8). Suppose -2*m + 8*m - p = 0. What is the highest common divisor of z and m?
12
Let n(z) = 7*z**2 + z + 25. Let p be n(7). Let w be 4/28 + p/21. What is the highest common divisor of 18 and w?
18
Suppose 0 = 2*t + 3*t - 60. Suppose 20 + 1 = 3*r. Let q(m) = 21*m - 39. Let i be q(r). What is the greatest common factor of t and i?
12
Suppose 4*n = 5*n - 4. Let v be (1 + (3 - -1))/((-15)/(-15)). Suppose 254 = v*o + 4*a - 182, o + n*a - 100 = 0. What is the greatest common divisor of o and 21?
21
Let h(z) = -6*z**2 + 39*z + 2. Let w be h(6). Suppose 0 = -8*y - 268 + 1308. What is the greatest common factor of w and y?
10
Let k(m) = -23*m**3 - m**2 + 2*m + 2. Let x be k(-1). Suppose x*t = 11*t + 99. Calculate the highest common factor of 135 and t.
9
Let w(v) = 115*v + 1329. Let r be w(-7). Calculate the greatest common factor of 2227 and r.
131
Suppose l = -5*h + 34, 0 = 4*l - h + 3*h - 100. Let g(c) = -c**2 + 4*c + 5. Let d be g(3). Let z be (-5)/25*-5*d. What is the greatest common factor of z and l?
8
Suppose -2*b = -p - 412, 6*p - 710 = -4*b + 82. What is the highest common factor of 238 and b?
34
Let t(h) = 26 - 11 + 10*h + 22 + 15. Let m be t(-5). What is the greatest common divisor of 10 and m?
2
Let p be (518/666)/((-4)/(-72)). What is the greatest common divisor of p and 3122?
14
Suppose -s + 172 = -5*w, -6*s - 3*w = -5*s - 132. Suppose s = d - 88. Calculate the greatest common divisor of d and 47.
47
Let f = 65130 + -35592. Calculate the highest common divisor of 54 and f.
54
Suppose -1489 = -7*q - 1531. Let h be 17/(-34) - 993/q. Calculate the highest common divisor of 10 and h.
5
Suppose -5*h + 2*k + 52 = 0, -349*h + 353*h + k - 52 = 0. Calculate the greatest common divisor of h and 2752.
4
Suppose 2*g + 2*m = 68, 3*g = 2*g + m + 40. What is the greatest common divisor of 518 and g?
37
Let t = -1247 + 1283. Suppose -3*n + 6 = -w, -w + 3*w - 3*n = 3. What is the highest common divisor of t and w?
9
Let w(m) = 2181*m + 15292. Let p be w(-7). What is the highest common factor of p and 270?
5
Let x(s) = 3*s - 34. Let l(y) = -y. Let w(c) = -5*l(c) - x(c). Let q be w(-11). Let k be (7 + -3)/(8/q). What is the highest common divisor of 15 and k?
3
Let n(a) = 4*a + 26. Let l be n(-15). Let b = l + 45. Suppose -946 = -9*d - 34*d. What is the greatest common divisor of d and b?
11
Let u = -632 - -654. Suppose -50 = u*f - 204. Calculate the greatest common divisor of 175 and f.
7
Suppose 2*l + 1098 = 2*j, -118*l + 115*l + 2721 = 5*j. What is the highest common divisor of 1560 and j?
78
Suppose -566925 = -33*m + 6*m - 219300. Calculate the highest common factor of 103 and m.
103
Let x = -3607 + 4543. What is the greatest common factor of 198 and x?
18
Let j = 86 + -81. Let y = 7 - 2. Suppose -y*u = 7 - 82. Calculate the highest common divisor of j and u.
5
Let i(z) = z**2 - 3*z - 13. Let g be i(5). Let t be 208/12 - 2/g. Suppose -15*a - 75 = -t*a. Calculate the greatest common factor of 200 and a.
25
Let c = 20437 + 1544. Calculate the greatest common factor of c and 51.
51
Let w = 112 - 75. Suppose -7*y - 61 = w. Let d(f) = -2*f - 14. Let r be d(y). Calculate the greatest common divisor of r and 14.
14
Suppose 5*c - 4*g = -5*g - 430, -86 = c + 5*g. Let j = c - -331. What is the greatest common factor of j and 49?
49
Let u be (96/(-5))/(6/(-160)). Let o(y) = 15*y - 179. Let z be o(13). Calculate the highest common divisor of u and z.
16
Let f be 1 - 1/(1/(-89)). Suppose 71196*s - 71139*s - 6840 = 0. What is the greatest common factor of f and s?
30
Let w(b) = -b**3 + 143*b**2 - 949*b - 400. Let i be w(136). Suppose 2*p + 62 = 4*p. Let c = p - -25. Calculate the greatest common factor of c and i.
8
Let u(g) = g + 18. Let a be u(21). Suppose 0 = -5*j + 2*r + 11, -j + 6*j - r - 13 = 0. Calculate the greatest common divisor of a and j.
3
Let c(f) = 46*f**2 - 17*f - 11. Let a be c(-1). What is the highest common divisor of a and 3796?
52
Let w(f) = -7*f**2 - 101*f + 20. Let n be w(-11). Calculate the greatest common divisor of n and 142.
142
Let q(f) = -f**3 - 16*f**2 - 14*f - 198. Let g be q(-16). Suppose 278 + 112 = 5*k. Calculate the highest common divisor of k and g.
26
Suppose -20103 